
What is the billions digit of 6244654688?
6
What is the thousands digit of 609867656?
7
What is the units digit of 11250637?
7
What is the ten thousands digit of 60746513?
4
What is the millions digit of 127426809?
7
What is the millions digit of 487519100?
7
What is the units digit of 1000871127?
7
What is the hundreds digit of 44711349?
3
What is the ten thousands digit of 2374682362?
8
What is the millions digit of 9996757415?
6
What is the hundreds digit of 33235309?
3
What is the millions digit of 62460656?
2
What is the hundred thousands digit of 411735018?
7
What is the hundreds digit of 68951584?
5
What is the ten millions digit of 317937685?
1
What is the hundred thousands digit of 607459777?
4
What is the hundred thousands digit of 3868036758?
0
What is the thousands digit of 1641815947?
5
What is the billions digit of 1562204537?
1
What is the ten thousands digit of 73059153?
5
What is the hundreds digit of 1005938753?
7
What is the hundred thousands digit of 17610973?
6
What is the millions digit of 78528954?
8
What is the hundreds digit of 3412270998?
9
What is the ten thousands digit of 150808425?
0
What is the ten thousands digit of 75696925?
9
What is the thousands digit of 801037850?
7
What is the millions digit of 140571055?
0
What is the hundreds digit of 8721949390?
3
What is the hundreds digit of 121712184?
1
What is the units digit of 242007152?
2
What is the units digit of 642317963?
3
What is the hundred millions digit of 769313898?
7
What is the hundred thousands digit of 5739954634?
9
What is the millions digit of 720500090?
0
What is the ten millions digit of 192282820?
9
What is the hundreds digit of 157501212?
2
What is the billions digit of 3582908169?
3
What is the thousands digit of 124443665?
3
What is the ten thousands digit of 1168012973?
1
What is the ten millions digit of 572616249?
7
What is the ten thousands digit of 211207727?
0
What is the ten thousands digit of 29046611?
4
What is the millions digit of 1419296622?
9
What is the hundreds digit of 673545831?
8
What is the ten thousands digit of 19508542?
0
What is the units digit of 710968153?
3
What is the ten thousands digit of 3876547990?
4
What is the ten thousands digit of 71721835?
2
What is the units digit of 166684113?
3
What is the hundreds digit of 3062745847?
8
What is the billions digit of 2937661511?
2
What is the ten thousands digit of 3483600?
8
What is the millions digit of 726309317?
6
What is the tens digit of 2378734096?
9
What is the ten thousands digit of 207874520?
7
What is the ten thousands digit of 1056010567?
1
What is the hundreds digit of 591965375?
3
What is the millions digit of 1218587511?
8
What is the hundred millions digit of 4570275262?
5
What is the thousands digit of 402208303?
8
What is the thousands digit of 7063334855?
4
What is the millions digit of 1164382886?
4
What is the ten millions digit of 47903034?
4
What is the hundreds digit of 2360094747?
7
What is the hundred millions digit of 241760695?
2
What is the thousands digit of 24836503?
6
What is the thousands digit of 619685682?
5
What is the ten thousands digit of 6355655179?
5
What is the millions digit of 34244188?
4
What is the millions digit of 797775469?
7
What is the ten millions digit of 57897754?
5
What is the ten thousands digit of 647737?
4
What is the millions digit of 6729650304?
9
What is the tens digit of 130737194?
9
What is the hundreds digit of 410840694?
6
What is the millions digit of 23149439?
3
What is the thousands digit of 302597362?
7
What is the hundreds digit of 127947201?
2
What is the units digit of 1219484506?
6
What is the ten thousands digit of 217599178?
9
What is the hundreds digit of 13676137?
1
What is the tens digit of 517451468?
6
What is the hundred thousands digit of 33260410?
2
What is the hundred thousands digit of 66862097?
8
What is the units digit of 982963227?
7
What is the hundred thousands digit of 509731893?
7
What is the hundred thousands digit of 68282364?
2
What is the hundred thousands digit of 273160883?
1
What is the ten thousands digit of 261104864?
0
What is the ten millions digit of 261788653?
6
What is the ten millions digit of 3943399714?
4
What is the ten millions digit of 728275233?
2
What is the units digit of 1471306505?
5
What is the tens digit of 521717919?
1
What is the hundred thousands digit of 3957713705?
7
What is the hundred millions digit of 3760909268?
7
What is the ten thousands digit of 1064772164?
7
What is the units digit of 146217705?
5
What is the billions digit of 2368157699?
2
What is the units digit of 660300174?
4
What is the ten millions digit of 60188365?
6
What is the thousands digit of 250414999?
4
What is the millions digit of 883777138?
3
What is the ten thousands digit of 18601391?
0
What is the thousands digit of 9297445?
7
What is the tens digit of 44895773?
7
What is the hundred thousands digit of 48622863?
6
What is the hundred millions digit of 947208230?
9
What is the units digit of 3494760406?
6
What is the ten millions digit of 4215167151?
1
What is the ten millions digit of 322886893?
2
What is the thousands digit of 1083500561?
0
What is the ten millions digit of 264509520?
6
What is the millions digit of 115898776?
5
What is the tens digit of 106732511?
1
What is the ten millions digit of 35592120?
3
What is the millions digit of 500084345?
0
What is the ten thousands digit of 45562028?
6
What is the hundred millions digit of 211398358?
2
What is the thousands digit of 213458297?
8
What is the ten thousands digit of 518693035?
9
What is the tens digit of 28780679?
7
What is the ten millions digit of 437519437?
3
What is the millions digit of 865914528?
5
What is the millions digit of 34877275?
4
What is the hundred thousands digit of 676319058?
3
What is the hundreds digit of 1116584920?
9
What is the tens digit of 2753977351?
5
What is the units digit of 294230906?
6
What is the millions digit of 893143148?
3
What is the millions digit of 134799299?
4
What is the hundred thousands digit of 71194681?
1
What is the ten millions digit of 26085579?
2
What is the millions digit of 398708674?
8
What is the ten thousands digit of 120359218?
5
What is the units digit of 3754227?
7
What is the millions digit of 40223042?
0
What is the thousands digit of 407532487?
2
What is the hundreds digit of 39742705?
7
What is the hundred thousands digit of 3488227373?
2
What is the millions digit of 3477665075?
7
What is the units digit of 18044606?
6
What is the ten thousands digit of 3569206428?
0
What is the thousands digit of 6392059?
2
What is the millions digit of 2578499?
2
What is the ten thousands digit of 98038715?
3
What is the hundreds digit of 665959706?
7
What is the ten millions digit of 7899373032?
9
What is the hundreds digit of 167734797?
7
What is the units digit of 52847006?
6
What is the ten millions digit of 102060548?
0
What is the hundred millions digit of 4944979996?
9
What is the thousands digit of 155593921?
3
What is the hundred thousands digit of 184075889?
0
What is the hundred millions digit of 270986799?
2
What is the hundred thousands digit of 3585704309?
7
What is the hundred millions digit of 1977428192?
9
What is the tens digit of 82849600?
0
What is the ten thousands digit of 3181892770?
9
What is the billions digit of 1262343364?
1
What is the hundred millions digit of 1447814861?
4
What is the hundreds digit of 8399133?
1
What is the ten thousands digit of 25142442?
4
What is the ten thousands digit of 12371131?
7
What is the hundreds digit of 222962251?
2
What is the ten millions digit of 15136593?
1
What is the millions digit of 17767904?
7
What is the ten millions digit of 38771521?
3
What is the units digit of 140485451?
1
What is the hundred millions digit of 1411608085?
4
What is the billions digit of 1156288302?
1
What is the hundred millions digit of 9027267298?
0
What is the billions digit of 4760619633?
4
What is the millions digit of 25604382?
5
What is the hundred thousands digit of 66831251?
8
What is the units digit of 15631570?
0
What is the thousands digit of 352112179?
2
What is the millions digit of 2111450756?
1
What is the units digit of 1570048795?
5
What is the millions digit of 3074150933?
4
What is the tens d